t y(q) be the first derivative of h(q). Determine y(-5).
-14
Suppose 4*x - 8 = -2*l, 5*x - 3*x = 2*l + 4. Suppose 2*z + 2*z - 8 = l. Let w(q) = 2*q - z*q + q + 0*q. What is w(-1)?
-1
Suppose m + 2*q = -8, 4*m - 17*q = -20*q - 7. Let y(s) = s**3 + s**2 + 2*s - 1. Give y(m).
15
Let z(h) = -h**2 - 5*h - 4. Let s be (-1)/(1 + 2/(-3)). Let c be z(s). Let v(x) = 2*x**2 - 3*x + 2. What is v(c)?
4
Let u(o) = -3*o**3 + o**2 - 4*o + 3. Let t(v) = -v + 3. Let l be t(12). Let i(y) = 13*y**3 - 3*y**2 + 17*y - 13. Let x(k) = l*u(k) - 2*i(k). Calculate x(3).
5
Let y(m) = m**2 - 5*m - 1. Let i be (-4)/(-6) - (-48)/9. Let p be ((-99)/(-44))/(i/(-16)). Let t be (-196)/(-35) - p/(-10). Determine y(t).
-1
Let q = -257 + 255. Let h(r) = -3*r - 3. What is h(q)?
3
Let t(o) = 0*o**3 - 4*o - 1 - 983*o**2 + 1971*o**2 + o**3 - 983*o**2. Let s(f) = -2*f + 5. Let a be s(5). Determine t(a).
19
Let k(r) = -2*r + 4 - 5*r**2 - r**3 + 2*r. Let b(a) be the second derivative of -a**5/20 + 7*a**4/12 + 7*a**3/6 + 3*a**2/2 + 4*a. Let v be b(8). What is k(v)?
4
Let h(l) be the second derivative of l**4/12 + 3*l**3 - 5*l**2/2 - 2*l + 503. Calculate h(0).
-5
Let j(m) = -m + 20. Let g = 1316 + -1297. Calculate j(g).
1
Let b(g) = 3*g - 1. Let p(f) = 6. Let x(s) = -b(s) + 3*p(s). What is x(5)?
4
Suppose -2*n = 5*s + 6, 0 = 4*s + 3*n - 2 + 11. Let c(f) = -5 - 22*f**3 - 13*f**3 - f**2 + 53*f**3 - 17*f**3. Determine c(s).
-5
Suppose -20 = -7*t - 6. Suppose 0*f = -f - 4, -2*x = f - t. Let v(u) = 2*u**2 - 2 - 4*u - u**2 + u. What is v(x)?
-2
Let q(l) = -l**2 - l. Let p(i) = -7*i**2 + 6*i - 8. Let s(b) = -p(b) + 6*q(b). Let u(x) = -x. Let k(y) = -s(y) + 5*u(y). What is k(6)?
-2
Let u(n) = -2*n**3 + 5*n**2 - 3*n + 14. Let d(s) = -s**3 + 2*s**2 - s + 7. Let p(t) = -5*d(t) + 3*u(t). What is p(5)?
-13
Suppose 0 = -3*v - 5*z - 16, -5*z - 19 = 5*v - 3*v. Let a(f) = -v*f + f - 14 + f. Let t = 1705 - 1711. What is a(t)?
-8
Suppose 10*j = 12*j - 4. Let f(h) = -5*h + 25*h**2 - j + 1 - 3 - 24*h**2. Determine f(5).
-4
Let h(d) be the second derivative of 0 + 20*d + 1/6*d**3 + 7/2*d**2. Give h(-8).
-1
Let m(v) = v**2 - v - 4. Let i(u) = 5*u**3 - 4*u**2 - 4*u**3 - 7*u**2. Let x be i(11). Calculate m(x).
-4
Let x(n) = -5*n**2 + n - 1. Let y(p) be the third derivative of 1/12*p**4 + 9*p**2 - 1/3*p**3 - 7/30*p**5 + 0*p + 0. Let i(o) = 8*x(o) - 3*y(o). Calculate i(2).
10
Let l be (-2)/9 - 280/(-126). Let y be (-6 - -14)*1/2. Let u(d) = -6 + 9 - 4 + 3*d**2 - y*d**2. Calculate u(l).
-5
Let d(f) = -f**3 - 10*f**2 + 13*f + 15. Let v(z) = -5*z**2 + 6*z - 3. Let q be v(2). Determine d(q).
-7
Let k(r) = -2*r + 4 + 3*r + 2*r. Let p = -867 - -863. Calculate k(p).
-8
Let o(j) = -j**3 + 5*j**2 - 5*j - 1. Let p(h) = -h**3 + 4*h**2 + 6*h - 1. Let l be p(5). Let b be o(l). Let q(n) = n + 1. What is q(b)?
-4
Let o = -10 - -13. Let j(b) = -b**o - 6*b**2 - 4 - 6*b - b**2 + 0*b. Suppose 7*k + 42 = -0. Calculate j(k).
-4
Let p be (-63)/(-54) + (-20)/30. Let h(j) be the third derivative of j**2 - p*j**3 + 3/8*j**4 + 0 + 0*j. Give h(2).
15
Let c(l) be the first derivative of -5*l**3/3 - l**2/2 - l - 112. Determine c(-1).
-5
Let c(o) be the third derivative of 4 - 1/24*o**4 + 0*o + 10*o**2 - 5/3*o**3. Determine c(-10).
0
Let s(r) = -r**2 - 8*r - 4. Let h(i) = 3*i + 18. Let t be h(-9). Determine s(t).
-13
Let z(u) be the first derivative of -u**4/4 + 6*u**3 + 21*u**2/2 - 23*u - 243. What is z(19)?
15
Let m(w) be the first derivative of -2*w**2 + 6*w + 22. Give m(12).
-42
Let v = 104 + -105. Let t(k) = -4*k**2 + k. What is t(v)?
-5
Let g(p) = 2*p - 14. Let a(t) be the third derivative of t**4/24 - t**3/6 - 31*t**2. Let n(r) = -3*a(r) + g(r). Give n(-5).
-6
Suppose 28*n + 163 - 415 = 0. Let y(i) = i**2 - 3*i - 13. Give y(n).
41
Let z(u) be the first derivative of -61*u**2/2 - 2*u + 76. What is z(-1)?
59
Let u = 1932 - 1930. Let a(k) = -k**2 + 1. Let n(c) = 4*c**2 - 2*c - 3. Let x(v) = 3*a(v) + n(v). Calculate x(u).
0
Let l(n) = -4*n - 1. Let t(y) = 11*y + 3. Let u(f) = 3*l(f) + t(f). Calculate u(-6).
6
Let s(f) = 11*f**3 + 65*f**2 - 9*f + 3. Let v(l) = 5*l**3 + 32*l**2 - 4*l + 2. Let j(d) = 4*s(d) - 9*v(d). Let u be j(-28). Let k(z) = -2*z + 5. What is k(u)?
17
Let o be (-16)/(-9) + 10/45. Let x(f) = -1 + 39*f**2 - f**3 + 39*f**o - 7*f - 85*f**2. Calculate x(-6).
5
Let c(i) = 4*i**2 + i. Let b be c(-1). Let m(l) = -l**2 - 4*l - 1. Give m(b).
-22
Let n(z) be the second derivative of z**5/20 - 5*z**4/6 - z**3/6 + 8*z**2 - 40*z. Give n(10).
6
Let a(j) be the first derivative of -j**7/840 + j**6/90 - j**5/120 - 4*j**3/3 - 13. Let p(y) be the third derivative of a(y). Determine p(2).
6
Let o(n) = 3*n + 1. Let f be o(1). Let i = -3 + f. Let a(x) = -239*x + 77*x + 2*x**2 + 84*x + 77*x + 9*x**3. What is a(i)?
10
Let a(d) = d**3 - 24*d**2 + 2*d - 42. Let v be a(24). Let p(r) = r**3 - 6*r**2 - r - 5. Determine p(v).
-11
Let n be 0/(1 + -4) - -2. Let h(p) = -6*p**2 + 0 + n*p + 4 + 6*p - 3*p + p**3. Let g be -2 - 7*(-1 + 0). Calculate h(g).
4
Let a(k) be the third derivative of k**6/120 - 7*k**5/60 - k**4/24 + 5*k**3/3 - k**2 - 51. What is a(7)?
3
Let l(f) = -f**3 - 3*f**2 + 4*f + 7. Let k be (0/2*-1)/(-1). Let w(j) = -2 + 4 + j - 1 + k. Let d(q) = -l(q) + 4*w(q). Calculate d(-3).
-3
Let q(b) = -2*b - 2. Suppose 3*w = -5*t + 91 + 42, 132 = 4*t - 4*w. Suppose t*x - 25*x = -16. What is q(x)?
6
Let k(d) = 32 - 1623*d**2 + 1624*d**2 + 11*d + d. Calculate k(-6).
-4
Let j(y) = y + 1 - y**2 + 3 + 6. Let a(m) = m**2 - 4*m - 5. Suppose 3*x + 2*x = -4*p, 4*p + 3*x - 8 = 0. Let s be a(p). What is j(s)?
10
Let g(h) = -h**2 - 6*h + 8. Let r = 7 - 4. Let p be 16/(-24)*4*r. Give g(p).
-8
Let n be -3 + 3 + 1 + 4. Suppose 10 = -3*k - n. Let x(b) = -b**3 - 4*b**2 + 4*b + 2. What is x(k)?
7
Suppose -5 = -k - 7. Let s be 110/50 - k/(-10). Let h(a) = -13*a + 1. What is h(s)?
-25
Let v(k) = -5*k**3 - k. Let c(t) = -t**2 - 9*t - 13. Let n be c(-6). Let b(a) = 5*a**3 + a. Let m(l) = n*v(l) + 6*b(l). What is m(1)?
6
Let k(z) = -z**2 + 17 + 15 - 38 + 5*z. Suppose 0*c = 2*c + 3*m - 13, -2*m + 17 = 3*c. Let p be (3 + -2)/(1/c). Determine k(p).
-6
Let u(b) be the first derivative of -b**4 + 2*b**3/3 - b**2 + 2*b + 302. Give u(2).
-26
Suppose -3*b + 3 = -2*b. Let l(f) = -4*f**2 + 1 - 6 + 3*f + f**b + 0*f. Let c be 8*1*20/40. Determine l(c).
7
Let v(x) = 2*x + 31. Let f be v(-12). Let g(l) = 24 - 11 - 13 - f*l. Calculate g(1).
-7
Let w = -1288 - -1284. Let f(l) = 2*l + 2. Let j(q) = -2*q - 3. Let c(o) = 2*f(o) + 3*j(o). Let g(s) = s + 2. Let i(u) = 6*c(u) + 13*g(u). Give i(w).
-8
Suppose 13*w - 9*w + 312 = 0. Let m = w - -72. Let y(r) = r**2 + 5*r - 8. Calculate y(m).
-2
Let k(x) = 4*x**2 - x + 2. Let p be k(4). Let r(f) = 68 + 4*f + 5*f**3 - 3*f**2 - 4*f**2 - 4*f**3 - p. Let d = 5 + 1. Calculate r(d).
-6
Let h = -14 + 16. Let c(j) = 5*j**h - 5 + j**2 - j**2 - 4*j**2 - 2*j. Determine c(5).
10
Let i be 52/(-2)*(-2)/4. Let l = 8 - i. Let z(a) = -a - 11. Let m(d) = -2*d - 25. Let j(x) = -2*m(x) + 5*z(x). Calculate j(l).
0
Let c = -42 - -64. Let o = -39 - -81. Let a(m) = m**3 - o + 3*m**2 + m + 22 + c. Determine a(-3).
-1
Let a(c) = c + 2. Let k(u) = u - 3. Let d(g) = 3*g - 7. Let s(t) = -4*d(t) + 10*k(t). Let h(w) = 4*a(w) + 3*s(w). Determine h(3).
-4
Let n(g) = -g**3 - g**2 - g + 2. Let r = 23 + -104. Let t = r - -79. Give n(t).
8
Let h(k) = 64*k - 43*k + 1 - 30*k + 2. What is h(2)?
-15
Let x(w) = -w**3 + w**2 - w + 7. Let u be 6 + (3 - 8) - (1 - 0). Determine x(u).
7
Suppose x = g + 4 - 2, 3*g + 8 = 4*x. Let r(o) = 2*o - 46*o**2 + 44*o**x + 0*o**3 + 0 - o**3 - 1. Calculate r(1).
-2
Let j(a) be the first derivative of a**4/2 - a**3 - a**2 - 4*a - 78. What is j(3)?
17
Suppose 2*z + 0*z = -14. Let i be ((-1)/3)/(z/(-21)). Let x(b) = 11*b**2 + b. Calculate x(i).
10
Let x(c) = -2574*c**2 + 4*c + 3*c + 2580*c**2 - c**3. Calculate x(7).
0
Suppose -t = -z - 2 + 3, -4 = -z + 4*t. Let s(y) = z*y + 0*y - 6*y. Calculate s(4).
-24
Let j(i) = 0*i + i**2 - i + 6 - 3*i**3 + 2*i**3. Let r(t) = -t**3 + 20*t**2 + 53*t - 672. Let c be r(21). What is j(c)?
6
Let g(x) = -22*x + 110. Let z be g(5). Let p(j) be the third derivative of z + 0*j + 1/2*j**3 - 1/120*j**6 + 2*j**2 + 1/6*j**4 + 1/60*j**5. Calculate p(-2).
7
Suppose -2*d = 3*q + 5, -2*q - 3*q - 15 = 2*d. Suppose f + 2*x + 4 = 0, d*f = 5*x